is the billions digit of 3157902648?
3
What is the millions digit of 9389939?
9
What is the units digit of 15457034?
4
What is the hundred thousands digit of 198123407?
1
What is the units digit of 133878042?
2
What is the thousands digit of 335291780?
1
What is the hundreds digit of 26502895?
8
What is the hundred millions digit of 735397061?
7
What is the ten millions digit of 552267459?
5
What is the hundred thousands digit of 89954705?
9
What is the ten millions digit of 56148627?
5
What is the millions digit of 614485300?
4
What is the tens digit of 727631341?
4
What is the units digit of 37302623?
3
What is the ten millions digit of 59128247?
5
What is the hundred millions digit of 114780039?
1
What is the units digit of 82167667?
7
What is the millions digit of 208929710?
8
What is the ten thousands digit of 51928177?
2
What is the hundred millions digit of 469771492?
4
What is the ten millions digit of 26788377?
2
What is the hundreds digit of 5711797046?
0
What is the tens digit of 1334316707?
0
What is the thousands digit of 183465548?
5
What is the hundreds digit of 737650373?
3
What is the hundred thousands digit of 94955122?
9
What is the ten thousands digit of 265529289?
2
What is the units digit of 50945481?
1
What is the ten thousands digit of 66309190?
0
What is the millions digit of 317383852?
7
What is the hundreds digit of 106948605?
6
What is the thousands digit of 38812453?
2
What is the ten thousands digit of 89508047?
0
What is the hundreds digit of 287587936?
9
What is the hundreds digit of 524512469?
4
What is the units digit of 34097102?
2
What is the hundreds digit of 223565386?
3
What is the units digit of 525285746?
6
What is the tens digit of 597820713?
1
What is the ten millions digit of 544219191?
4
What is the hundred thousands digit of 59930048?
9
What is the ten millions digit of 139952336?
3
What is the units digit of 41423021?
1
What is the thousands digit of 95602542?
2
What is the ten thousands digit of 194869325?
6
What is the hundreds digit of 5570343?
3
What is the tens digit of 72575430?
3
What is the thousands digit of 252199324?
9
What is the millions digit of 453247362?
3
What is the ten millions digit of 44413246?
4
What is the ten millions digit of 128519037?
2
What is the hundreds digit of 1160046430?
4
What is the millions digit of 32847681?
2
What is the thousands digit of 918597780?
7
What is the thousands digit of 2176221858?
1
What is the hundred thousands digit of 161831852?
8
What is the hundreds digit of 120205724?
7
What is the thousands digit of 564686322?
6
What is the tens digit of 766747220?
2
What is the units digit of 41848345?
5
What is the tens digit of 244893029?
2
What is the hundred thousands digit of 1104835900?
8
What is the millions digit of 2350785420?
0
What is the hundred thousands digit of 379439277?
4
What is the thousands digit of 21573574?
3
What is the millions digit of 2531747511?
1
What is the thousands digit of 78717949?
7
What is the ten thousands digit of 129124333?
2
What is the thousands digit of 127234355?
4
What is the units digit of 951204091?
1
What is the hundred thousands digit of 223893150?
8
What is the tens digit of 1392881224?
2
What is the ten thousands digit of 85769030?
6
What is the units digit of 875723082?
2
What is the tens digit of 2403528060?
6
What is the thousands digit of 590225498?
5
What is the hundred millions digit of 930626619?
9
What is the units digit of 1721326434?
4
What is the units digit of 137545926?
6
What is the units digit of 21021084?
4
What is the hundreds digit of 414207580?
5
What is the billions digit of 1349578827?
1
What is the ten millions digit of 331102753?
3
What is the hundreds digit of 14088177?
1
What is the hundreds digit of 485882144?
1
What is the tens digit of 34377183?
8
What is the units digit of 68191293?
3
What is the millions digit of 176926495?
6
What is the hundreds digit of 55984229?
2
What is the ten thousands digit of 53005734?
0
What is the hundred millions digit of 366033402?
3
What is the hundred thousands digit of 638909?
6
What is the thousands digit of 348971928?
1
What is the hundred millions digit of 323977173?
3
What is the thousands digit of 745471568?
1
What is the ten thousands digit of 4101612491?
1
What is the units digit of 850223271?
1
What is the millions digit of 1042687515?
2
What is the tens digit of 482182483?
8
What is the millions digit of 5730843346?
0
What is the millions digit of 6560442310?
0
What is the ten thousands digit of 21907343?
0
What is the hundred thousands digit of 823104103?
1
What is the ten millions digit of 100227848?
0
What is the ten millions digit of 400921785?
0
What is the thousands digit of 76710043?
0
What is the thousands digit of 570975015?
5
What is the hundred millions digit of 231960235?
2
What is the tens digit of 52537553?
5
What is the ten thousands digit of 42899345?
9
What is the ten thousands digit of 57955109?
5
What is the ten millions digit of 3547537987?
4
What is the millions digit of 4993894555?
3
What is the ten thousands digit of 563367060?
6
What is the millions digit of 445794720?
5
What is the millions digit of 1426474422?
6
What is the ten millions digit of 620968225?
2
What is the hundred thousands digit of 1350772292?
7
What is the tens digit of 37776552?
5
What is the billions digit of 2931414758?
2
What is the ten thousands digit of 33361927?
6
What is the tens digit of 803883676?
7
What is the thousands digit of 68375917?
5
What is the hundreds digit of 132023611?
6
What is the units digit of 704542918?
8
What is the hundreds digit of 32523036?
0
What is the tens digit of 40236491?
9
What is the units digit of 26122543?
3
What is the ten thousands digit of 85969590?
6
What is the hundreds digit of 8811079949?
9
What is the thousands digit of 1778223?
8
What is the tens digit of 77718841?
4
What is the units digit of 885965870?
0
What is the hundreds digit of 19495415?
4
What is the thousands digit of 1987082962?
2
What is the ten thousands digit of 2905997970?
9
What is the billions digit of 1368541098?
1
What is the tens digit of 3344195383?
8
What is the tens digit of 138395913?
1
What is the hundred thousands digit of 183834821?
8
What is the units digit of 13448817?
7
What is the ten thousands digit of 355490693?
9
What is the hundred millions digit of 2050392178?
0
What is the tens digit of 33729584?
8
What is the thousands digit of 39966807?
6
What is the hundred millions digit of 110846657?
1
What is the tens digit of 521190205?
0
What is the tens digit of 280220743?
4
What is the ten millions digit of 56374927?
5
What is the ten millions digit of 12562695?
1
What is the ten thousands digit of 8345816?
4
What is the ten thousands digit of 3353115071?
1
What is the tens digit of 1198182641?
4
What is the tens digit of 37067725?
2
What is the tens digit of 3808629?
2
What is the ten thousands digit of 89343048?
4
What is the hundred thousands digit of 15313675?
3
What is the units digit of 32525709?
9
What is the units digit of 30576611?
1
What is the millions digit of 49617036?
9
What is the hundreds digit of 681721052?
0
What is the millions digit of 859172909?
9
What is the hundred millions digit of 323651961?
3
What is the ten thousands digit of 1074795248?
9
What is the hundred thousands digit of 164130891?
1
What is the hundred thousands digit of 513485605?
4
What is the hundreds digit of 28537404?
4
What is the thousands digit of 54829026?
9
What is the tens digit of 56199015?
1
What is the hundred thousands digit of 642889120?
8
What is the thousands digit of 472911046?
1
What is the ten millions digit of 16867949?
1
What is the hundreds digit of 28721254?
2
What is the hundreds digit of 67604477?
4
What is the hundreds digit of 1425073665?
6
What is the millions digit of 218984317?
8
What is the tens digit of 53566209?
0
What is the ten millions digit of 67295196?
6
What is the ten thousands digit of 6732568?
3
What is the ten thousands digit of 507375950?
7
What is the thousands digit of 374391430?
1
What is the ten thousands digit of 93765833?
6
What is the millions digit of 370359137?
0
What is the thousands digit of 1412674555?
4
What is the ten thousands digit of 1252379101?
7
What is the mill